ppose -3*u + 24 = 3*r, 2*u - 15 = -3*r + 5. Suppose -u*p - p + 15 = 0. What are the prime factors of p?
3
Let r(m) = 27*m**2 - 12*m + 15. What are the prime factors of r(4)?
3, 7, 19
What are the prime factors of 25 + (-5)/(10/4)?
23
Let o(b) = 5 - 6*b**3 + b**3 + 8*b + 4*b**3 + 6*b**2. What are the prime factors of o(7)?
2, 3
Let t(c) = -c + 8. Let f be t(-4). What are the prime factors of (-101)/(-6) + 2/f?
17
Suppose 3*c - 372 = -3*r, -2*r + 130 = -2*c + 358. List the prime factors of c.
7, 17
Suppose 65 = -4*z - z. Let o = -4 - 4. Let b = o - z. List the prime factors of b.
5
What are the prime factors of (-6 - 0)*1*(-872)/24?
2, 109
Let u(g) = -g**3 - 4*g**2 + g + 4. Let w be u(-4). Suppose -4*k + w*k - f = -12, -k = -4*f + 14. Suppose -15 = -o - k*o. List the prime factors of o.
5
Suppose -4*l - l = 20. Let v be (-3 + 6)/((-6)/(-26)). Let p = l + v. List the prime factors of p.
3
Let v(l) = -l**2 - 3*l. Let n be v(-3). Suppose n = -3*f - 0*f + 42. List the prime factors of f.
2, 7
Suppose -2*s + 4*z + 0*z = -86, 0 = 3*s + 3*z - 147. Let t = 67 - s. Suppose 5*k + 38 - 108 = -4*a, k = -2*a + t. List the prime factors of k.
2, 5
Let a(q) = q + 10. Let c be a(-6). Suppose -4*d - 8 = -k, 3*d - 2*d = -c*k - 2. List the prime factors of (-30)/(d + 3/6).
2, 5
Let m(h) = h**3 - 3*h**2 - h + 3. Let x be m(3). List the prime factors of x*(-4)/12 - -20.
2, 5
Suppose 3*t + 0*t - 6 = 0. Suppose -3*i = 0, -2*i + 7 - 37 = -t*u. What are the prime factors of u?
3, 5
Suppose 167 = -6*y + 485. What are the prime factors of y?
53
Suppose 5*d + 32 - 98 = -3*n, -3*d = -3*n - 54. List the prime factors of (-6)/(-4)*50/d.
5
Let r(m) = -m**3 - 9*m**2 + 4. Let j be r(-9). Suppose j*b - 29 = -3*c + 25, 0 = 2*c + 4*b - 36. Suppose -2*d + 40 = c. List the prime factors of d.
11
Suppose -6*l = -310 - 134. What are the prime factors of l?
2, 37
Suppose -x + 5*x + 50 = 3*s, 2*x = -5*s + 40. Suppose 0*m = -2*m + s. Suppose m*l = 20 + 75. What are the prime factors of l?
19
Let i = 7 + 2. What are the prime factors of i?
3
Suppose 0 = -2*x + 77 + 13. Suppose 6*f - f = x. Suppose -f = -2*z + 11. What are the prime factors of z?
2, 5
Let o = -2 - 0. Let k be 2*(-2 - 0/o). Let p = 7 + k. List the prime factors of p.
3
Let z be (0/(-3)*1)/2. Suppose w - 4 = -z*w. Suppose 2*x - 12 = w. What are the prime factors of x?
2
Suppose -8*j + 404 + 460 = 0. List the prime factors of j.
2, 3
Suppose 2*q = 3 + 13. List the prime factors of 2/q - 153/(-12).
13
What are the prime factors of 874/10 + (-18)/(-30)?
2, 11
Suppose 2*h - 6 = l, -l - 9 - 3 = -4*h. Let o(x) = -x**3 + 3. Let d be o(l). Suppose d*b - b = -2*j + 26, 0 = -j - 4*b + 13. List the prime factors of j.
13
Suppose 0 = 4*w - 23 + 7. Suppose w*y - y + 24 = 0. Let u = -5 - y. List the prime factors of u.
3
Suppose 5*o - 367 = -2*f - 59, 2*f = 4*o - 232. Suppose -5*d = -5 - o. List the prime factors of d.
13
Let b be ((-36)/15 - -2)*-20. Let a be 123/11 + b/(-44). Suppose 2*q - 7 = a. What are the prime factors of q?
3
Let c = -4 + 7. What are the prime factors of (9/c)/((-3)/(-5))?
5
Let n(m) = 3*m**2 + 3*m**2 + 8 + m - 8. What are the prime factors of n(1)?
7
Let l = 81 - 54. Let c = l + -11. List the prime factors of c.
2
Let z = 4 - 13. Let v = -8 - z. Suppose s = -0*s - v, -5*k - s + 74 = 0. List the prime factors of k.
3, 5
Let s(a) = a**2 + a - 2. Let k be (-14)/(-6) + 6/9. List the prime factors of s(k).
2, 5
Let o = 137 + -69. What are the prime factors of o?
2, 17
Suppose 2*h = -8, -3*y - 84 = -h - 853. List the prime factors of y.
3, 5, 17
Let w(b) = b**2 + 3*b - 1. Let f be w(-4). Let q(h) = 2*h - 2. Let a be q(f). List the prime factors of 1*a/(-2) + 10.
2
Let w be (-16)/6 - 3/9. What are the prime factors of (-4)/(w + 3 - 2)?
2
Suppose z = 0, -3*s = -2*s - z - 26. Suppose -s = 3*f - 5*f. List the prime factors of f.
13
Suppose 3*m - 2*a - 538 = -0*m, -m = -2*a - 174. List the prime factors of m.
2, 7, 13
Suppose 4*v = -4*c + 180, -3*c = c. What are the prime factors of v?
3, 5
Suppose 0 = -5*x + 3*x + 5*k + 189, -3*x + 4*k + 266 = 0. List the prime factors of x.
2, 41
Suppose -6 = 3*h - 0*h. Let c(y) = -12*y - 5. List the prime factors of c(h).
19
Let k be ((-1)/(-2))/((-3)/(-18)). What are the prime factors of ((-20)/15)/((-2)/k)?
2
Let i(v) = -v + 8. Suppose -3*g + 2*c + 41 = 5, -3*g - 2*c = -24. Suppose 2*o + g = -4. List the prime factors of i(o).
3, 5
Suppose -4*n = -7*n + 2*d + 650, -4*n - 2*d + 848 = 0. List the prime factors of n.
2, 107
Let z = 4 - 5. Let a be (3 - z) + -1 + 2. Suppose -5*s - 65 = -5*l, 0*l - a*s = -l + 33. List the prime factors of l.
2
Suppose -56 - 73 = -3*j. What are the prime factors of j?
43
Let v(o) = -o**3 + 10*o**2 + 7*o - 3. List the prime factors of v(6).
3, 61
Let u be (-2)/4*-2*5. Let b = -1 + u. Let w = -1 + b. What are the prime factors of w?
3
Let h be (-3)/9*-9*1. What are the prime factors of h + (-6)/(-3) + 2?
7
Let o(y) = y**3 - y**2 - 3*y - 3. Suppose 3*r + 4 = 4*r. What are the prime factors of o(r)?
3, 11
Suppose 11*g - 306 = 8*g. What are the prime factors of g?
2, 3, 17
Let f(r) = -7*r + 13. What are the prime factors of f(-7)?
2, 31
Let t = 61 - -81. What are the prime factors of t?
2, 71
Let q(m) be the second derivative of m**4/6 + m**3/2 - 3*m**2/2 + m. What are the prime factors of q(-5)?
2
Suppose 0*f - 2*f + 6 = 0. Suppose -3*b + 7*b - 12 = 0. Suppose -3*c + 52 = -2*l, -6 = -b*l - f. List the prime factors of c.
2, 3
Suppose -2*q - 4*r = 0, 2*q - r + 7 = 6*q. Let b be (-3)/q*(-14)/7. Suppose b*m = m + 24. What are the prime factors of m?
2, 3
Let k be 2*(1/(-2))/1. Let a be 4 - (2/2 - k). Suppose -5*y + v = -15, 9 = 4*y + a*v - 3. List the prime factors of y.
3
Suppose -4*j + 201 = -j. List the prime factors of j.
67
Let z be 2/(-2) + (-3)/(-3). Suppose -3*r + 6 = -z*r. What are the prime factors of (-30)/(-7) - r/7?
2
Suppose 0*l = 3*l + 24. Let j = 2 + -5. Let m = j - l. What are the prime factors of m?
5
Let f(g) = g**3 + 4*g**2 - 6*g + 3. Let o be f(-5). Suppose 0 = -4*u + o, 2*q + 2 = 4*u - 10. Let x = q - -13. List the prime factors of x.
11
Suppose 5*q + w - 167 = 318, 211 = 2*q - 3*w. List the prime factors of q.
2, 7
Let h = -29 + 49. List the prime factors of h.
2, 5
Let b = 261 + -62. List the prime factors of b.
199
Suppose 25 - 4 = 7*r. What are the prime factors of r?
3
Suppose 0 = -2*h - 0 + 22. Let d = -7 + h. List the prime factors of d.
2
Suppose 0*r + 29 = -r. Let b be 5/2*(-204)/(-10). Let k = b + r. What are the prime factors of k?
2, 11
Let v = 4 + 6. Let m = -5 + v. Let t = m + 4. What are the prime factors of t?
3
Suppose 2*w - 38 = -5*j - 101, -4*j = 2*w + 64. Let k = w + 49. What are the prime factors of k?
3, 5
Let x = -120 + 70. What are the prime factors of x/(1 + -4 + 2)?
2, 5
Suppose 95 = 5*y - 180. List the prime factors of y.
5, 11
Suppose 3 = a + 1. Let k(y) = y - 5. Let m be k(3). What are the prime factors of (m - -4 - a) + 12?
2, 3
Let n be ((-36)/16)/(1/(-4)). Suppose -4*d - 35 = -5*h, -5*h - d + 69 = n. What are the prime factors of h?
11
Let u(i) = i**3 - i**2 + 2*i + 1. Let o be u(0). Let f = 7 - o. What are the prime factors of f?
2, 3
Let i(s) = s**2 - 8*s + 4. Let h be i(8). Suppose -2*l = h*q - 7*q + 10, -5*l - 10 = 0. Suppose 0 = 7*v - q*v - 45. What are the prime factors of v?
3
Let x = 4 - 2. Suppose 0*n = x*n. Suppose -3*o + 3 = -q, n*o = -2*q - o + 29. What are the prime factors of q?
2, 3
Suppose 6*t - 186 = 4*t. What are the prime factors of t?
3, 31
Let g = 15 - 12. What are the prime factors of g?
3
Suppose 0 = 4*d - 38 - 62. List the prime factors of d.
5
Let q(i) = 6*i - 11. What are the prime factors of q(8)?
37
Suppose -3 = -4*v - 39. Let y(g) be the first derivative of -g**2 - 4*g + 2. What are the prime factors of y(v)?
2, 7
Let m(g) = -4*g**2 + 3*g + 8. Let l(h) = -12*h**2 + 10*h + 23. Let z(a) = -3*l(a) + 8*m(a). What are the prime factors of z(-3)?
7
What are the prime factors of 2265/55 + 6/(-33)?
41
Let x be 1/(4/(-16)*-4). What are the prime factors of (2 - 3 - -21)/x?
2, 5
Suppose -1930 = -5*k + 4*i, 0 = 2*i - i - 5. List the prime factors of k.
2, 3, 5, 13
Suppose -5*z + 2*t + 155 = -2*t, -3*t = -4*z + 123. Suppose -2*v = -v - z. What are the prime factors of v?
3
Let y(p) = p - 6. L